55, 2*s = 6*s + 2*h + 44. Let l = s - -17. Suppose l = 4*b - 2*d, 1 - 2 = -4*b + 3*d. List the prime factors of b.
2
Let l = 144 + -102. List the prime factors of l.
2, 3, 7
Suppose -5*c + 4*p + 120 = 0, -2*c + 3*p = -c - 13. What are the prime factors of c?
2, 7
Let c(l) = 6*l. List the prime factors of c(6).
2, 3
Suppose 0 = 2*t + 3*j - 276, 0*t - 3*j + 564 = 4*t. List the prime factors of t.
2, 3
Let m(p) = -12*p**2 - 11*p + 5. Let l be m(-5). List the prime factors of l/(-50)*15/2.
2, 3
Let n be (5 + 1)*9/6. Let l(b) = 75*b**3 - 1. Let i be l(-1). List the prime factors of i/(-10) - n/15.
7
Suppose 3*i = 8*i - 1455. What are the prime factors of i?
3, 97
Let l(d) = d**2 - 7*d - 17. List the prime factors of l(10).
13
Let b be (1 + -27)*(-2 - -1). Let l = b + -9. What are the prime factors of l?
17
Suppose h + 4 - 8 = 0. Let z(j) = j**2. Let u be z(2). Let v = h + u. What are the prime factors of v?
2
Let p(a) = a**2 - 9*a + 7. Let z(t) = -t**2 + 8*t - 6. Let k(m) = -3*p(m) - 4*z(m). Let b be k(4). What are the prime factors of ((b - -7) + 0)*2?
2, 3
Let j(i) = 14*i**2 - i. Let b(g) = 0 + 2 - 2*g + g. Let t be b(3). What are the prime factors of j(t)?
3, 5
List the prime factors of 0 + -1 + 8*7.
5, 11
Suppose -4*d + 8 = -4. Suppose p + 7*j + 11 = d*j, 23 = 3*p - 2*j. Suppose -13 = -n - p. What are the prime factors of n?
2
Suppose 25 = -5*i, 4*z - i - 55 = 2*i. What are the prime factors of z?
2, 5
Let q = -36 - -43. List the prime factors of q.
7
Suppose -2 = -2*k - 8. Let u be (k/(-4))/(2/(-32)). Let f = u - -20. List the prime factors of f.
2
Suppose 0 = -4*y - 5*d - 15, 0 = 4*y + 4*d - d + 9. Suppose -2*x + 6 + 16 = y. What are the prime factors of x?
11
Let t(i) be the third derivative of i**2 + 1/24*i**4 + 0*i**3 + 0 + 0*i. List the prime factors of t(6).
2, 3
Suppose 2*n - 128 = w + 3*w, 0 = 4*n - w - 270. What are the prime factors of n?
2, 17
Let j(t) = 2*t**2 - 4*t + 1. Let q be j(6). Suppose -d = -w - 19, -3*d + q = 2*w - w. What are the prime factors of d?
17
Let k(g) = 3*g - 8. Let o be k(5). Let w(b) = 8*b - 7. List the prime factors of w(o).
7
Let n be (-1)/(-1)*(0 - -1). List the prime factors of (-8 + -4)/(n/(-2)).
2, 3
Suppose 25 + 57 = y. List the prime factors of y.
2, 41
Suppose -3*s = -3*n - 20 - 16, 3*s - 2*n = 32. Suppose 0*h - 12 = h - y, -h + s = 3*y. Let f(x) = -2*x + 1. What are the prime factors of f(h)?
3, 5
Let t(g) = -g - 1. Let p be t(-7). List the prime factors of (-36)/(-10) + p/15.
2
Let v(h) = 6*h. Let n be v(3). Let f = 7 + -17. Let s = f + n. List the prime factors of s.
2
Let z = 26 + -18. What are the prime factors of (-2)/(-8) - (-142)/z?
2, 3
Let v = 171 - 114. What are the prime factors of v?
3, 19
Let k(m) = m**3 + 2*m**2 + 1. What are the prime factors of k(3)?
2, 23
Let w be 24/3 + 1 + -1. Let g = w - 2. List the prime factors of g.
2, 3
Suppose 4*y + 26 = 2*j, -y - 2*y = 2*j + 2. Let c(l) = l - 3. Let m be c(5). Let v = m - y. List the prime factors of v.
2, 3
What are the prime factors of 10/25 + 48/5?
2, 5
Suppose 0 = 6*m - m + 20. Let u = m + 41. List the prime factors of u.
37
Let n(j) = 2*j + 5. Let o(c) = -c**3 - 4*c**2 - 3*c. Let a be o(-2). Let p = 3 - a. List the prime factors of n(p).
3, 5
Suppose 963 = 4*d + 3*c, -4*d = d + c - 1212. What are the prime factors of d?
3
Suppose -3*o + 16 = -o + 5*p, p = o - 1. Let m(i) = i**2 - o - 3*i - 5 + 0. List the prime factors of m(6).
2, 5
List the prime factors of (-306)/(-8) + (-2)/8.
2, 19
Let a be 2/2 + -2 - -3. Suppose 4*l + a = 82. What are the prime factors of l?
2, 5
Suppose 6*c = c + 20. Suppose -q - 5*y - 17 = -46, -c*y + 24 = q. Suppose -q*l - 3 = -n - 4*n, 3*n - 12 = -l. What are the prime factors of l?
3
Suppose -3 = -v, -5*p - 5*v + 45 = -150. What are the prime factors of p?
2, 3
Let m(w) = -15*w - 14. Let p(k) = -10*k - 9. Let z(l) = -5*m(l) + 8*p(l). Suppose 2*a + 1 = -r, 0*a - 3*r + 12 = a. List the prime factors of z(a).
13
Let b = -10 - -10. Suppose b*u + 12 = 4*u. List the prime factors of u.
3
Suppose -2*l = l - 6. Let r(n) = -l - 2*n + 1 + 3 + 0. What are the prime factors of r(0)?
2
Let b = -4 + 13. Suppose -b = -2*q + 2*v + 9, -2*v = 5*q - 66. List the prime factors of q.
2, 3
Suppose -5*t = -4*w + 27, 3*w - 2 - 4 = -t. Let b be t/9*0 + 6. What are the prime factors of -2 + -8*(-9)/b?
2, 5
Suppose 4*l = -22 + 206. List the prime factors of l.
2, 23
Let z be (1 - -3) + -8 + 10. Suppose z*n = 25 + 137. List the prime factors of n.
3
Let x(c) be the first derivative of -2*c**2 + 2*c - 1. Let y be x(5). Let z = -8 - y. List the prime factors of z.
2, 5
Suppose -q + s = -2*s - 11, -20 = -4*s. What are the prime factors of q?
2, 13
List the prime factors of 3088/80 - (-2)/5.
3, 13
Let f be (1/2)/(2/28). Suppose q - 19 = a, q = -a + 2 + f. What are the prime factors of q?
2, 7
Let h be -2 + (6 - 1) + 2. Suppose 3*s + h*d = 0, -3*d = 2*d. Suppose s = 4*j - 15 - 13. What are the prime factors of j?
7
Let k be -24*((-74)/6 + 4). Suppose 2*n - 7*n + k = 0. List the prime factors of n.
2, 5
Let g(f) = -40*f**3 - 2*f**2 + 3*f + 4. List the prime factors of g(-1).
3, 13
Let l = 14 + -1. Let t be (8/6)/((-1)/(-3)). Suppose -t*x + i = -l, x + 0*i - 12 = 2*i. List the prime factors of x.
2
Suppose 3 = r - 3. Let z(x) = 8*x - 4. List the prime factors of z(r).
2, 11
Let d(j) = -4*j - 3. Let s be d(-2). Let f = 0 + s. Suppose -2*h = -7*h + f, -m + 9 = h. List the prime factors of m.
2
Suppose -30*p + 548 = -26*p. What are the prime factors of p?
137
Let a = 1 - -27. Suppose 0 = -l - 4*m + 26, -2*m + a = 2*l - 0*m. List the prime factors of l.
2, 5
Let s(c) = -c**2 + 2*c + 6. Let q be s(-5). Let x = -3 - q. List the prime factors of x.
2, 13
Suppose -3*q + 0*q + 2*a + 15 = 0, 2*q = -5*a + 10. What are the prime factors of (-1)/5 - (-101)/q?
2, 5
Let i(u) be the second derivative of -u**5/20 - 7*u**4/12 + 7*u**3/6 + 5*u**2/2 - 3*u. List the prime factors of i(-8).
13
Let z = 38 - 20. What are the prime factors of z?
2, 3
Suppose 548 = 4*j - 2*c + 98, 455 = 4*j - 3*c. Let w = j + -73. What are the prime factors of w?
37
Suppose 4*v + 24 = 4*c, 0*c + 5*v = -c - 24. Let q = c - -11. List the prime factors of q.
2, 3
Let n = -73 + 126. Suppose -x + n = -0*x - 3*h, 0 = -2*x + 3*h + 94. List the prime factors of x.
41
Suppose -3*r + 12 = 3*s, 2*r - 3 - 15 = -4*s. Suppose 3*l - 6 = 0, -u + s*l + 10 = -23. List the prime factors of u.
43
Suppose 3*o - 100 = -d - 0*d, o = 3*d - 270. Let q = d - 62. What are the prime factors of q?
29
Let w be 4*-1*3/4. Let c = 16 + w. Let x = -9 + c. List the prime factors of x.
2
Let c(r) = 4*r + 1. Let d be c(7). Let j = d + -4. Suppose -j = -3*p - 4*m, -p - m - 3*m + 3 = 0. What are the prime factors of p?
11
Let y be (-60)/(-12) + (-2 - 1). Suppose -4*o + 85 = o. Suppose -o = -p + y. What are the prime factors of p?
19
Suppose 309 + 33 = l. What are the prime factors of l?
2, 3, 19
Suppose -5*o + 18 = 3. Suppose o*q = -z + 15, 2*z - 2*q = -12 + 50. Suppose 0 = -t - t + z. List the prime factors of t.
3
What are the prime factors of ((602/3)/7)/((-4)/(-6))?
43
Suppose -12*z + 14*z - 4 = 0. What are the prime factors of z?
2
Let z = 5 - 4. Let g(m) = 5*m**2 - 1. What are the prime factors of g(z)?
2
Let j(f) = f**3 + 3*f**2 + 5*f - 6. Let d be j(-5). Let l be d/(-6)*2/3. Suppose -3*w - l = 0, 2*w - 27 = -2*s + 3*w. What are the prime factors of s?
2, 3
Suppose i - 2*s - 11 = -0*i, -4*i + 4*s = -28. List the prime factors of 15/18*i*4.
2, 5
Let z = -63 + 88. What are the prime factors of z?
5
Suppose 3*h + 3 = 12. Let t(z) = z**2 - z + 4. What are the prime factors of t(h)?
2, 5
Let i(o) be the first derivative of -o**6/360 - o**5/15 - 5*o**4/24 + o**3/3 + 1. Let g(x) be the third derivative of i(x). List the prime factors of g(-4).
11
Suppose 6904 = 22*r + 986. What are the prime factors of r?
269
Let k(o) = -2*o**3 + 4*o**2 + 8*o + 12. List the prime factors of k(-3).
2, 3, 13
Let r(f) = 2*f + 2. Let y be r(2). Suppose -y = 3*l + 9. Let g = l - -8. List the prime factors of g.
3
Let h be 0/2 + -8 + 2. Let w = 14 + h. Suppose w + 12 = 4*g. List the prime factors of g.
5
Let j(q) = 2*q + 2. Let p be j(-3). Let h be (-2 + 3)/((-2)/10). List the prime factors of (p/h)/((-4)/(-10)).
2
Let r = 112 - 58. What are 